te number?
False
Let w = 104071 + 85798. Is w a composite number?
True
Let v be (-100)/(-30) + (-1)/3. Suppose 0 = -5*f + v*f + 4*f. Suppose 5*g - 10890 = 5*o, -2*g + 4*g + 5*o - 4363 = f. Is g a composite number?
False
Let v(c) = -43690*c - 6118. Is v(-18) a prime number?
False
Let c = -79 - -83. Is 3372/120*14 + c/(-10) a composite number?
True
Is 89243 + 3 - 0/(-4 - 1)*1 a composite number?
True
Is (-8901625)/(-170) - 3/2 prime?
True
Let y(w) = 62*w**2 - 29*w + 223. Is y(-52) composite?
True
Let s = 382 + -357. Suppose s*r - 24*r = 991. Is r a composite number?
False
Suppose 0 = 46*j - 29*j - 33524. Let c = j - -2325. Is c composite?
False
Suppose 32 = 9*s - s. Suppose 3*d + s*n - 4027 = 3*n, 3*d = -3*n + 4023. Is d composite?
True
Let x be 2*((-44)/56 - (-8)/28). Let c be 8/1 - (-2)/(0 + x). Suppose -z - m + 334 = 0, -3 = 9*m - c*m. Is z prime?
False
Let g = -78 + 93. Suppose z + 5*n + 8038 = 4*z, 3*n = -g. Is z prime?
True
Let h = 189972 - 79613. Is h a composite number?
False
Let b = 26 - 22. Suppose 4*u + 20 = -4*i, b*i - 5*u = -0*u + 25. Is (-3 - i)/((-12)/236) a prime number?
True
Let i = 47015 - 72820. Let l = -3128 - i. Is l a composite number?
True
Let b(a) = a + 15. Let h be b(-12). Suppose 2804 = 5*g + h*o, o - 1665 = -3*g + 5*o. Is g prime?
False
Let a(d) = d**3 + 4*d**2 - d + 20. Let y be a(-5). Suppose 4 = -2*x - 0*x, y = -q - 2*x + 3730. Is q a composite number?
True
Let n(s) = -5*s + 88. Let h be n(17). Suppose -q = 2*u - 0*u - 9222, -4621 = -u - h*q. Is u composite?
True
Is (13/(13/781279))/1 prime?
False
Let x be 3 + 10/(-4) + (-38)/(-4). Suppose -8*q - x*q - 18 = 0. Let m(o) = -740*o - 3. Is m(q) prime?
False
Let l = 806 + -1079. Let n = 1444 + l. Is n a composite number?
False
Let c(h) = 0 + 0*h + h + 3 + 4. Let l be c(-2). Is (-10)/25*-383*l prime?
False
Suppose -2*h + 253135 = -182*b + 187*b, 5*b - h = 253135. Is b prime?
True
Suppose 7*v - 5*v = 14. Is 17*(v - -2) - -8 a composite number?
True
Suppose -33*m + 27*m + 8304 = 0. Suppose 15234 - m = 25*h. Is h composite?
True
Suppose 4*i - i = -2*g + 18, 7 = g + i. Suppose g*h = z + 41645, h = -4*z + 6*z + 13875. Is h a prime number?
True
Let n(a) = 6450*a**2 - 10*a + 5. Let f be n(5). Suppose 6*b - 21*b = -f. Is b prime?
False
Suppose 0 = 90*a - 92*a + 8. Suppose a*o = -5*b + 4393, 5 = -2*b + 7*b. Is o a composite number?
False
Suppose 12 + 19 = 3*r + 5*d, -4*r + 2*d + 24 = 0. Let j = r - 3. Suppose -j*v + 218 = -2*v. Is v composite?
False
Suppose -209*j + 812909 - 298688 = -12161002. Is j a composite number?
False
Let l(g) be the first derivative of -9*g**4/2 - 5*g**3/3 - 10*g**2 + 3*g - 46. Is l(-6) a prime number?
False
Suppose -22*q - 55675 = 100305. Let x = q + 16427. Is x a composite number?
False
Let g be 4/(-20) + (-42695)/25 - 2. Suppose 4965 - 190 = -5*r. Let j = r - g. Is j prime?
False
Let p be 2/(-18) + 139952/18. Let n = -4570 + p. Is n a prime number?
False
Let i(g) = -53*g**3 - 19*g**2 - 61*g + 78. Is i(-11) a prime number?
True
Suppose 65*g - 3937073 - 8325134 = -116*g. Is g a composite number?
True
Suppose 43*v - 101568801 = -46*v + 1799092. Is v composite?
False
Suppose 2*t - 20 = 3*o, -5*o + 55 = -10*o - t. Let s(f) = -110*f + 51. Is s(o) composite?
False
Let p(o) = 3*o - 67. Let t be p(24). Suppose -43 = -t*i - 18. Suppose 2*a = q - 565, -q + i*a = q - 1131. Is q a prime number?
True
Is 1891977*(-10 + -11 + 22)*(-1)/(-3) composite?
False
Let u(y) = 104*y - 598*y + 132*y + 146*y - 50 + 107*y. Let g(q) = q - 5. Let s be g(-6). Is u(s) a composite number?
True
Suppose 0 = 2*q - 3*j - 13 + 32, 2*q = -3*j + 11. Suppose o - 125 = 6*o. Is ((-5535)/o)/3 + q/(-10) a prime number?
False
Let k(d) = 3162*d**2 + 4 + 13 - 22 + 0*d - 3*d. Is k(2) prime?
True
Let d(v) = 6327*v - 500. Is d(71) prime?
False
Let o(y) = -y**2 + 19. Let s be o(-4). Suppose -1581 + 471 = s*h. Let k = 2523 + h. Is k composite?
False
Suppose -4 - 14 = 3*s. Is (-2)/s - 7188/(-9) prime?
False
Let y(z) = -920*z + 30. Let d be y(-42). Suppose -26*i + 159476 = -d. Is i prime?
True
Suppose 2*z = 2*x + x + 1519, 0 = 4*x + 4*z + 2012. Let i = 1007 + x. Suppose 0*s = 4*s - 3*k - i, -4*s + k = -506. Is s prime?
True
Is 35419*(-33)/(-55)*-5*2/(-6) composite?
False
Let q(s) = 19*s**2 + 173*s**3 + 4 - 17*s - 174*s**3 + 17. Let c(l) = -3*l + 2. Let h be c(-4). Is q(h) prime?
False
Suppose 1050*j = 1048*j + 494366. Is j a composite number?
False
Let n be (-234)/(-2) - 10/(-5). Let t = -65 + n. Suppose -365 - t = -f. Is f prime?
True
Let o(z) be the first derivative of 51 - 16*z - 15/2*z**2. Is o(-18) composite?
True
Let v be (-120)/(-9)*(-6 + (-120)/(-32)). Let h(n) = 13*n**2 - 68*n + 101. Is h(v) a composite number?
False
Let u be (4 - -1)*(1 - -2). Suppose 366183 - 67815 = 16*i. Is i/u - (-3 + 6)/15 prime?
False
Let t = -2556 - -2561. Suppose -4*p - 3*x = -6552, -8852 = -5*p - 4*x - 661. Suppose -t*b = -2*b - p. Is b a composite number?
True
Is 18/(-225) - 15942324/(-300) composite?
True
Let v(w) = 316*w**3 + w. Let n(l) = l**2 - 8. Let c = -25 + 22. Let i be n(c). Is v(i) composite?
False
Suppose 47092595 + 41553562 = 243*y. Is y a composite number?
True
Let r(v) = -v**3 - v - 12*v + 11 + 2*v + 2*v + 4*v. Let b = -24 + 17. Is r(b) a composite number?
False
Let b(u) = 11*u + 49. Let c be b(-4). Suppose -p - p + 6 = 0. Suppose -277 = -c*l + 3*g, l + p*g = 3*l - 118. Is l a composite number?
False
Suppose -12 = -8*s + 5*s. Suppose 26667 = w - s*n, 12*n = 2*w + 8*n - 53318. Is w prime?
False
Let q(x) = 24653*x - 6976. Is q(15) a composite number?
True
Suppose -4*w + 65 = -z + w, -3*z - 227 = w. Let f = z + 53. Is 1649/3*(-66)/f prime?
False
Is 2743588*(-2)/40*-5 prime?
False
Suppose -17*w + 183654 - 241216 = -970581. Is w composite?
True
Let l(n) = n**3 - 9*n**2 + 7*n + 13. Let k be l(8). Is (k - -2) + (7662 - -12) prime?
True
Suppose -125 = 4*v - 2*v - 3*g, 0 = -4*g - 4. Let k = 62 + v. Is -779*(-1 + -2 - k) prime?
False
Let n(d) = -19719*d - 1886. Is n(-11) a composite number?
True
Let w(o) = -14 + 5*o + o - 5 - 5*o. Let z be w(19). Suppose -791 - 1428 = -3*r - 2*p, z = -2*r + 2*p + 1496. Is r prime?
True
Let d(o) = -o**2 + 7*o. Let m be d(7). Let l(p) be the third derivative of -p**5/60 + p**4/24 + 413*p**3/6 - 2*p**2. Is l(m) a composite number?
True
Let i(y) = 22*y - 67. Let l(d) be the second derivative of d**3/6 + 14*d**2 + 14*d. Let n be l(-8). Is i(n) a prime number?
True
Let v = -3501 - -26110. Is v prime?
False
Let u(a) = 2*a + 6. Let c be u(-3). Suppose c = 5*q + 21 + 9. Is (10 - 301)*10/q composite?
True
Let m be 0*((80/(-6))/4 + 3). Suppose m = 4*u + u - 72515. Is u prime?
True
Let t be 1462/10 + 352/440. Let s(x) = 143*x - 1. Let h be s(1). Suppose -h*f + t*f - 445 = 0. Is f a composite number?
False
Let l(d) = -d**3 + 13*d**2 - 20*d - 23. Let o be l(11). Let h be 3*(-16210)/(-15) - (-2 + o). Is h/6 - (-5)/30 a composite number?
False
Suppose 3*v + v = 20. Suppose -33 - 7 = -5*f + 5*j, 0 = 5*f + v*j - 60. Suppose 10132 - 2222 = f*o. Is o a prime number?
False
Suppose 5*z - b = 51112, 6*z + b = 2*z + 40895. Suppose -2*w = -5*c - z, 0 = 2*w + 11*c - 8*c - 10183. Is w composite?
False
Let j be (-3)/(30/25)*-58. Let x = j + 68. Suppose -x = -6*k + 9. Is k a prime number?
True
Let l(a) = a**3 + 13*a**2 - 25*a - 32. Let d be l(-10). Let r = d - -353. Is r prime?
False
Let a(m) = m**3 - 39*m**2 - 19*m + 112. Is a(65) a composite number?
False
Let v(k) = -7*k**2 + 5*k - 11. Let l(n) = -4*n**2 + 2*n - 5. Let q(s) = 5*l(s) - 3*v(s). Let h be q(4). Suppose h*f - 3*f - 887 = 0. Is f a prime number?
True
Suppose 2*i - 619572 + 8013342 = 92*i. Is i a composite number?
False
Let v(o) = 32*o - 45. Let s be v(22). Let f be 22 + -20 - (1/(-1) - s). Suppose -3*r - 359 = -p + 2*r, 4*r - f = -2*p. Is p composite?
True
Let n(d) = -d**3 - d**2 + 4. Let v be n(0). Suppose 1 = -5*p - s, -4*p + 0*s - 2*s + v = 0. Let m(y) = 2160*y**2 + 4*y + 3. Is m(p) a prime number?
False
Suppose 0 = 4*s - 4*j - 476544, 0 = 35*s - 37*s + j + 238265. Is s a prime number?
True
Suppose 17 = 5*f + 47. Let y be (-4)/(-8) + 9/f. Is y/2*-850 - -1 - 4 composite?
True
Suppose -203*u + 10000960 = -43*u. Is u a prime number?
False
Let c(i) = -i**2 + 5*i - 2. Let m be (-1)/(-2) - (1 + 10/(-4)). Let z be c(m). Suppose 11*j - 3871 = z*j. Is